 - 3 - 1)?
-5
What is 13 + (-4 - (15 - 5))?
-1
-3 + (1 - (-3 - 0))
1
7 + (-4 - -4) + 3 + -7
3
What is the value of -7 - (10 - 7 - 13)?
3
Calculate (-4 - 3) + (8 - 5) - 0.
-4
What is the value of -102 - -108 - (11 - -1)?
-6
What is 0 - -1 - 3 - (-56 + 62)?
-8
What is the value of (7 - 1 - -2) + 127 + -128?
7
Calculate -248 + 244 - (2 + (0 - 16)).
10
Evaluate 8 + (-5 - -1) + 0.
4
What is the value of (-25 - -23) + -1 + 0?
-3
-4 + 13 - (3 - -4)
2
Calculate 11 - 1 - (-1 + 6).
5
Calculate -8 - 2 - (-44 + 35).
-1
What is the value of 0 + (-3 - -6 - -4) + -3?
4
What is the value of (4 - (-8 - -9)) + 3?
6
What is (-33 - -32) + 4 + 1?
4
What is (2 + 9 - 1 - 4) + -2?
4
Evaluate -1 - -1 - (3 + -6) - 0.
3
Calculate -11 + (10 - 9) + 18.
8
What is the value of 10 + 7 + -11 + -6?
0
Evaluate 3 + -1 + 1 - (-47 + 52).
-2
What is (9 - -3) + (-5 - 4)?
3
What is (3 - 6) + 0 + 1 + -3?
-5
What is the value of (0 - (-2 + 5)) + 1?
-2
What is the value of 5 + -2 - (-1 - (-3 + 4))?
5
What is 3 + (-9 - (-4 - (3 + -6)))?
-5
Calculate (-15 - -3 - -3 - -5) + 0.
-4
Evaluate 0 - (3 + -6) - (4 + -2).
1
Evaluate 3 + 2 - -3 - 6.
2
What is the value of (8 - 6) + 8 + -16?
-6
(-1 - 4) + (25 - 3) + -6
11
What is the value of -15 + 5 + 4 + 4 + 5?
3
Calculate -1 + 0 + -1 + 7.
5
What is (-1 - 0) + (-11 - -5 - -1)?
-6
Evaluate -2 - -3 - (5 - (2 + 1)).
-1
What is the value of -13 - (0 - -2 - 12)?
-3
Calculate 5 - 1 - (-13 - -13).
4
Evaluate (-15 - -16) + (0 - -2) + 0.
3
Calculate 2 + (9 + -3 - 8).
0
Evaluate (0 - 9) + (-4 - -14).
1
What is the value of -53 + 57 + -5 + -1?
-2
Calculate -1 + 1 + -64 + 56.
-8
What is the value of -3 + -3 + 0 - -3?
-3
5 + (-2 - 1) - (0 + -3)
5
Calculate (4 - 12) + (-3 - -6).
-5
What is -1 + -6 + 12 + -5?
0
What is the value of -4 + (8 - -1) + (3 - 4)?
4
-9 - (7 - 9) - (-3 + 1)
-5
Calculate -1 + -1 + (-1 - -3) - 3.
-3
Calculate 4 - 0 - 5 - 2.
-3
-2 + 7 + 3 + 0 + -5
3
What is (-7 + 7 - 2) + 1?
-1
Calculate 0 - (3 - (7 - (-2 + 1))).
5
3 - (9 + -5) - (-8 - -3)
4
Calculate 76 + -60 + (-2 - 10).
4
What is 2 - (-1 - (-11 - -3))?
-5
What is (16 - 19) + -2 + (1 - 1)?
-5
What is -4 + (3 + -1 - 3)?
-5
What is the value of 2 + 0 + (0 + -4 - -1)?
-1
Evaluate (-31 - -28) + (-2 - 1).
-6
2 - (6 + (-4 - 0))
0
Calculate 1 + -7 + -2 + (0 - -3).
-5
What is 12 + (0 + -13 - -7)?
6
-5 + 13 + -10 - 7
-9
Evaluate -6 + 1 + 11 + -3.
3
What is 32 - 20 - (-1 - -7)?
6
Evaluate -9 - (-1 + -9 + 5).
-4
Calculate -3 + (-2 - (-10 - -3)).
2
16 + -8 + -3 + 2 + -3
4
Calculate -2 - -6 - (9 - 5).
0
What is the value of -8 + 1 + 0 + -50 + 63?
6
What is -4 + 6 + -3 - -1?
0
Calculate 6 - ((0 - -2) + 4).
0
Evaluate 8 - (-6 - -2 - -10).
2
Evaluate (-4 - (-1 + -5)) + 3 - 1.
4
What is -1 + 11 + -33 + 28?
5
Calculate -23 + 13 + 9 - (0 - -8).
-9
What is 3 + (-4 - (-4 + 2))?
1
Evaluate 7 + (7 - 4) - 6.
4
What is the value of (-4 - 2 - -2) + 5?
1
Evaluate (2 - 7 - (4 + -6)) + 2.
-1
Evaluate -2 - (4 - 3) - -8.
5
-4 - -2 - (-4 + -6)
8
61 - 65 - (-8 + 2)
2
Evaluate 3 - 1 - 2 - -2 - 0.
2
What is 2 - (3 + (3 - 3) + 5)?
-6
What is the value of 2 + (-14 - -7 - -1) - -7?
3
What is (-6 - -3 - 2) + -2 + 4?
-3
3 + (1 - 1) + 3 + -1
5
What is (-10 - -5) + (5 - 2 - 5)?
-7
What is the value of -10 + 4 + (6 - 2)?
-2
-7 + (5 - 1) + 5 - -5
7
What is -11 + 0 + (-10 - -25)?
4
(-2 - -2 - 1) + (-5 - -5)
-1
What is 4 + -6 + (6 - 3)?
1
What is -3 + -3 + (-2 - -1 - -2)?
-5
What is -66 + 54 + (5 - 0)?
-7
Evaluate -9 + 3 + 2 + 0.
-4
Evaluate 3 + (-3 + 1 - 5).
-4
What is the value of -7 - (10 - (31 + -10))?
4
What is 4 - 1 - (12 - 11)?
2
What is (-3 - (2 + -2)) + 4 - 0?
1
Evaluate (-3 - (-1 + -1)) + -3 + 1.
-3
Calculate -14 + 10 + 0 + (-2 - -3).
-3
-2 + (0 - -3) + (-7 - -5)
-1
What is the value of -3 - (0 + -6) - 4?
-1
What is -1 + 5 + (-17 - -14)?
1
Calculate 13 - (6 + -9 + 12).
4
Evaluate -7 - (-13 + 0 + 7).
-1
What is (6 - 6) + -9 + 5?
-4
What is -5 - -3 - (-8 - -1) - 5?
0
What is the value of 11 + -4 - (1 + 2)?
4
What is the value of -4 + 0 - (-6 + 15 + -13)?
0
Calculate -5 + -2 + (0 - (-7 + 9)).
-9
What is -8 - (-9 + -13 + 5)?
9
What is -167 - -165 - (-2 - -3 - 1)?
-2
Evaluate -6 - (-1 + -12 - -6).
1
What is the value of -10 - (1 + 1 + -10)?
-2
Evaluate -2 + (4 - (6 + -1 - 2)).
-1
Evaluate -1 + -5 - (25 + -26).
-5
What is the value of (-3 - (1 - 0 - -1)) + 4?
-1
Calculate (-8 - (-1 - 3)) + 3 - -5.
4
What is (-1 - (-1 - 6)) + -3?
3
Evaluate -4 + 2 + 3 - (0 - -5).
-4
What is 2 + 4 + -5 - 4?
-3
Evaluate -1 - 1 - (-4 - (-9 - -6)).
-1
Evaluate (1 - 2) + -3 - (0 + -2).
-2
Evaluate 4 - (0 - -8 - (5 + -7)).
-6
0 + 1 - (-5 + -3 + 5)
4
Evaluate 3 - 9 - (6 - 17).
5
What is -1 - (2 - 3) - 3?
-3
4 + (0 - (1 + -2))
5
144 + -139 + (0 - -2)
7
2 + 6 + -2 + -8
-2
What is 10 + -10 + 12 - 7?
5
Calculate (-55 - -63) + (0 - 11 - 3).
-6
Calculate 7 + (8 - (3 + (2 - -2))).
8
What is (-1 + 6 - 2) + 1 - 2?
2
Calculate 5 + (8 + -6 - -1) + -1.
7
What is (-9 - -7) + (4 - 0)?
2
0 + -5 + 4 + -1
-2
(-16 - -12) + 13 + -5
4
Calculate -8 + 2 - (1 + (-2 - 0)).
-5
0 + -12 - -3 - -19
10
What is the value of 0 - -6 - (-1 + -9 - -9)?
7
Evaluate 9 - (24 - (-7 + 17)).
-5
What is -6 + (-7 - -5) + 2?
-6
9 + 0 + -2 + -13
-6
Evaluate 7 + (-1 - 0) + (-4 - -1).
3
5 - (2 + -2 + 12)
-7
What is (2 - (8 + -7)) + 3?
4
(2 - (4 + -2)) + (3 - 4)
-1
Evaluate (-1 - 2 - (-10 + 7)) + 4.
4
Calculate -10 + 0 + 8 + 10.
8
What is the value of (1 - 3) + -2 + 3?
-1
Evaluate -4 + 2 + 2 + -1.
-1
Evaluate 2 + (-2 - -2) + (8 - 8).
2
(6 - 0) + -2 + 7 + -18
-7
What is the value of (-5 - -1) + (1 - -2)?
-1
What is 3 + (1 - 1) + -2?
1
(-1 - 1) + (11 - (-2 + 6))
5
What is (6 + (-2 - 4) - -2) + 2?
4
Evaluate 4 + 1 + (-5 + 7 - 6).
1
-5 + (0 - -4) + 24 + -25
-2
Evaluate (-11 - -4) + 18 - 8.
3
Evaluate (8 + -1 - 4) + -6.
-3
What is the value of 0 - (-9 - -11) - (-3 - -2)?
-1
Calculate 4 - (-4 - 1 - -7).
2
Calculate 0 - (-4 + (-10 - -8)).
6
-1 + -2 + (-5 - -8)
0
5 - 14 - 2 - -8
-3
Calculate -4 - (1 - (-5 - (-4 - 7))).
1
What is the value of -2 - 0 - (-5 - -3) - 2?
-2
Calculate -7 + 3 + (3 - (-1 + -3)).
3
What is the value of -1 + -17 + (-49 - -63)?
-4
Calculate -11 - (6 + (6 - (7 - -6))).
-10
What is the value of -10 + 2 + 1 + 150 + -150?
-7
What is the value of -2 + 10 + (21 - 28)?
1
What is -3 + (2 + -2 - 3 - -10)?
4
Calculate 23 + -20 + -2 + 1.
2
Calculate 2 + 0 - 3 - (2 + -6).
3
Calculate 0 - 0 - (38 + -35) - -3.
0
Evaluate -15 - -11 - (-1 - -2).
-5
-1 - (6 + -15 + 6)
2
(21 - 7 - 6) + -9
-1
What is 12 - 4 - (7 + -2 + 0)?
3
Evaluate -2 - (-1 - (8 + -4 + -1)).
2
Evaluate -3 - (5 - (-6 + 10 - 4)).
-8
(3 - (4 + -5)) + 3 + -4
3
Calculate (-1 + -12 - -7) + 5.
-1
What is -15 + 14 + 7 + -2?
4
Evaluate -9 - -12 - (8 + 0).
-5
Calculate (-2 - 3) + 5 + 2.
2
What is (-3 - -2) + 0 + (21 - 22)?
-2
What is the value of -2 + 5 + -9 + 9?
3
What is 4 + (-2 - (-1 - -1))?
2
Evaluate -5 - 0 - (2 + -3).
-4
Evaluate -5 - (-9 - (5 - 7)) - -2.
4
What is the value of 0 + 2 + 5 + -2?
5
What is -8 + 16 + -6 + -3?
-1
-2 - 3 - (8 + 13 + -28)
2
Calculate -2 + 1 - (12 - 9).
-4
What is 2 + -7 + (2 - -6) + 5?
8
What is the value of (0 - 0) + (-1 - -2) + 1?
2
Evaluate (-2 - -3) + -6 + 0.
-5
4 + 3 + 0 - 3
4
What is -7 + (0 - -2) - -1?
-4
What is (-40 - -28) + (3 - -2)?
-7
Evaluate (4 - (-4 + 8)) + 1.
1
Evaluate 2 - ((-1 - -3) + (-7 - -2)).
5
What is the value of 3 - 1 - 0 - (-3 - -3)?
2
What is 0 + (-3 - -6) + (-2 - 0)?
1
What is (-6 - (1 + -2)) + 0?
-5
Evaluate 4 + (3 + (-1 - 2) - 9).
-5
-6 + (2 - 0) - -1
-3
What is (-12 + 11 - 11) + 3?
-9
Calculate -12 + -6 + 12 - -2.
-4
Calculate 0 - (-9 - -4) - 4.
1
What is the value of -2 - (-11 + 10 - 5)?
4
What is the value of -3 + -2 + (-1 - -1 - -1)?
-4
What is the value of (-10 - -3) + -1 + (5 - -7)?
4
-17 - -17 - (0 - -2)
-2
Calculate -12 - (-28 - -21 - (1 - 4)).
-8
Calculate 3 - (-4 - (-4 - 0)).
3
Evaluate 0 + -1 + 2 + 1.
2
Calculate 0 - ((6 - -1) + -4).
-3
What is the value of -2 - (11 + -6 + -1)?
-6
12 + 3 + -19 + 5 + 0
1
-72 + 75 + (2 - (2 - -2))
1
What is 8 - (5 - (-7 + -8 + 16))?
4
Calculate -14 - -8 - (-3 - 3).
0
-1 - (-3 - -4) - -3
1
Evaluate (0 - 7 - -5) + 4.
2
Calculate 3 - (14 - ((-4 - -7) + 2)).
-6
What is the value of -9 + 17 + 4 - 10?
2
5 - (6 - (2 + 3))
4
What is (-4 - (4 - 2)) + 8?
2
2 - ((3 - 10) + 1 + 0)
8
21 - 24 - (0 + 0 + -2)
-1
Evaluate (15 - 16) + (5 - -1).
5
Calculate 